at are the prime factors of 1506?
2, 3, 251
List the prime factors of 2654.
2, 1327
What are the prime factors of 1740?
2, 3, 5, 29
List the prime factors of 22161.
3, 83, 89
List the prime factors of 4414.
2, 2207
List the prime factors of 739.
739
List the prime factors of 11.
11
List the prime factors of 3341.
13, 257
What are the prime factors of 19294?
2, 11, 877
What are the prime factors of 2026?
2, 1013
List the prime factors of 4580.
2, 5, 229
List the prime factors of 2788.
2, 17, 41
What are the prime factors of 1996?
2, 499
List the prime factors of 6028.
2, 11, 137
List the prime factors of 1009.
1009
What are the prime factors of 1403?
23, 61
List the prime factors of 2424.
2, 3, 101
What are the prime factors of 136996?
2, 29, 1181
List the prime factors of 21166.
2, 19, 557
What are the prime factors of 14783?
14783
List the prime factors of 1424.
2, 89
What are the prime factors of 1356?
2, 3, 113
List the prime factors of 11027.
11027
List the prime factors of 28081.
28081
List the prime factors of 4639.
4639
What are the prime factors of 42605?
5, 8521
List the prime factors of 695.
5, 139
List the prime factors of 1960.
2, 5, 7
What are the prime factors of 8809?
23, 383
List the prime factors of 883.
883
What are the prime factors of 17357?
17, 1021
What are the prime factors of 10653?
3, 53, 67
What are the prime factors of 8972?
2, 2243
List the prime factors of 139418.
2, 69709
What are the prime factors of 1231?
1231
List the prime factors of 22526.
2, 7, 1609
List the prime factors of 7759.
7759
What are the prime factors of 158?
2, 79
List the prime factors of 2000.
2, 5
List the prime factors of 12267.
3, 29, 47
What are the prime factors of 18431?
7, 2633
What are the prime factors of 15198?
2, 3, 17, 149
List the prime factors of 4417.
7, 631
List the prime factors of 215.
5, 43
List the prime factors of 20541.
3, 41, 167
What are the prime factors of 22930?
2, 5, 2293
List the prime factors of 40995.
3, 5, 911
What are the prime factors of 4130?
2, 5, 7, 59
List the prime factors of 50355.
3, 5, 373
What are the prime factors of 59329?
79, 751
List the prime factors of 540.
2, 3, 5
List the prime factors of 4469.
41, 109
What are the prime factors of 1060?
2, 5, 53
List the prime factors of 13956.
2, 3, 1163
What are the prime factors of 7439?
43, 173
List the prime factors of 9460.
2, 5, 11, 43
What are the prime factors of 1181?
1181
What are the prime factors of 1063?
1063
List the prime factors of 349.
349
List the prime factors of 623.
7, 89
What are the prime factors of 76?
2, 19
What are the prime factors of 14936?
2, 1867
List the prime factors of 1254.
2, 3, 11, 19
List the prime factors of 8230.
2, 5, 823
What are the prime factors of 1456?
2, 7, 13
What are the prime factors of 27550?
2, 5, 19, 29
List the prime factors of 1904.
2, 7, 17
List the prime factors of 51422.
2, 7, 3673
List the prime factors of 42795.
3, 5, 317
What are the prime factors of 3333?
3, 11, 101
What are the prime factors of 15002?
2, 13, 577
List the prime factors of 7252.
2, 7, 37
List the prime factors of 12512.
2, 17, 23
What are the prime factors of 22412?
2, 13, 431
List the prime factors of 2259.
3, 251
List the prime factors of 5909.
19, 311
List the prime factors of 1960.
2, 5, 7
What are the prime factors of 1476?
2, 3, 41
List the prime factors of 3574.
2, 1787
What are the prime factors of 455?
5, 7, 13
List the prime factors of 24.
2, 3
What are the prime factors of 4826?
2, 19, 127
What are the prime factors of 2760?
2, 3, 5, 23
What are the prime factors of 1747?
1747
What are the prime factors of 98439?
3, 11, 19, 157
What are the prime factors of 9875?
5, 79
What are the prime factors of 798?
2, 3, 7, 19
What are the prime factors of 35609?
7, 5087
What are the prime factors of 13817?
41, 337
List the prime factors of 76252.
2, 11, 1733
What are the prime factors of 8088?
2, 3, 337
What are the prime factors of 113241?
3, 37747
What are the prime factors of 988?
2, 13, 19
What are the prime factors of 2308?
2, 577
What are the prime factors of 3636?
2, 3, 101
What are the prime factors of 28312?
2, 3539
What are the prime factors of 2513?
7, 359
What are the prime factors of 11099?
11, 1009
List the prime factors of 860.
2, 5, 43
List the prime factors of 454.
2, 227
List the prime factors of 2195.
5, 439
List the prime factors of 2054.
2, 13, 79
List the prime factors of 4390.
2, 5, 439
What are the prime factors of 43037?
43037
What are the prime factors of 92964?
2, 3, 61, 127
List the prime factors of 6567.
3, 11, 199
What are the prime factors of 31120?
2, 5, 389
List the prime factors of 2543.
2543
List the prime factors of 735.
3, 5, 7
What are the prime factors of 321?
3, 107
List the prime factors of 305.
5, 61
What are the prime factors of 25989?
3, 8663
List the prime factors of 6304.
2, 197
List the prime factors of 22226.
2, 11113
List the prime factors of 380.
2, 5, 19
List the prime factors of 933.
3, 311
What are the prime factors of 1179?
3, 131
List the prime factors of 2990.
2, 5, 13, 23
What are the prime factors of 2044?
2, 7, 73
List the prime factors of 1671.
3, 557
What are the prime factors of 30407?
13, 2339
What are the prime factors of 810?
2, 3, 5
List the prime factors of 3558.
2, 3, 593
What are the prime factors of 31024?
2, 7, 277
List the prime factors of 5654.
2, 11, 257
List the prime factors of 97488.
2, 3, 677
What are the prime factors of 1863?
3, 23
List the prime factors of 14030.
2, 5, 23, 61
List the prime factors of 1327.
1327
What are the prime factors of 194?
2, 97
What are the prime factors of 4387?
41, 107
What are the prime factors of 1357?
23, 59
What are the prime factors of 47231?
73, 647
List the prime factors of 96855.
3, 5, 11, 587
List the prime factors of 19937.
19937
What are the prime factors of 199279?
349, 571
List the prime factors of 8503.
11, 773
List the prime factors of 24875.
5, 199
What are the prime factors of 18379?
18379
What are the prime factors of 71780?
2, 5, 37, 97
List the prime factors of 41.
41
What are the prime factors of 28587?
3, 13, 733
What are the prime factors of 24471?
3, 2719
List the prime factors of 1064.
2, 7, 19
What are the prime factors of 90994?
2, 45497
List the prime factors of 6083.
7, 11, 79
List the prime factors of 7726.
2, 3863
What are the prime factors of 33339?
3, 11113
What are the prime factors of 6589?
11, 599
List the prime factors of 10031.
7, 1433
List the prime factors of 47.
47
List the prime factors of 2357.
2357
List the prime factors of 385.
5, 7, 11
What are the prime factors of 1445?
5, 17
List the prime factors of 213.
3, 71
List the prime factors of 89932.
2, 22483
List the prime factors of 344.
2, 43
List the prime factors of 5407.
5407
What are the prime factors of 31442?
2, 79, 199
List the prime factors of 38955.
3, 5, 7, 53
What are the prime factors of 6381?
3, 709
What are the prime factors of 55098?
2, 3, 3061
What are the prime factors of 7100?
2, 5, 71
List the prime factors of 66221.
66221
List the prime factors of 9252.
2, 3, 257
List the prime factors of 31225.
5, 1249
List the prime factors of 1240.
2, 5, 31
List the prime factors of 3453.
3, 1151
List the prime factors of 30386.
2, 15193
List the prime factors of 997.
997
List the prime factors of 46528.
2, 727
What are the prime factors of 45199?
7, 11, 587
List the prime factors of 2548.
2, 7, 13
List the prime factors of 6602.
2, 3301
List the prime factors of 10671.
3, 3557
List the prime factors of 66117.
3, 22039
List the prime factors of 2088.
2, 3, 29
List the prime factors of 3140.
2, 5, 157
List the prime factors of 43762.
2, 21881
What are the prime factors of 592?
2, 37
List the prime factors of 1917.
3, 71
What are the prime factors of 10042?
2, 5021
What are the prime factors of 2529?
3, 281
What are the prime factors of 370?
2, 5, 37
What are the prime factors of 48295?
5, 13, 743
List the prime factors of 9755.
5, 1951
List the prime factors of 769.
769
What are the prime factors of 524?
2, 131
What are the prime factors of 48293?
7, 6899
List the prime factors of 1451.
1451
What are the prime factors of 779?
19, 41
What are the prime factors of 101012?
2, 25253
What are the prime factors of 28579?
28579
Lis